{"id":6128,"date":"2016-08-23T16:40:02","date_gmt":"2016-08-23T20:40:02","guid":{"rendered":"https:\/\/www.faceopp.com\/?page_id=6128"},"modified":"2020-09-13T10:12:50","modified_gmt":"2020-09-13T14:12:50","slug":"trottibus-a-face-projet-pilote","status":"publish","type":"page","link":"https:\/\/www.faceopp.com\/en\/test\/trottibus-a-face-projet-pilote\/","title":{"rendered":"Trottibus \u00e0 FACE : projet pilote"},"content":{"rendered":"<p>Comme son nom ludique le laisse entendre, c&#8217;est <strong>&#8220;un autobus scolaire qui marche&#8221;&#8230; \u00e0 FACE, il marche en m\u00e9tro !<\/strong> Des adultes prennent en charge des enfants \u00e0 un point de rendez-vous pr\u00e9cis, et les am\u00e8nent jusqu&#8217;\u00e0 l&#8217;\u00e9cole. Le syst\u00e8me est \u00e9prouv\u00e9 depuis plusieurs ann\u00e9es d\u00e9j\u00e0, dans les \u00e9coles de quartier : il est soutenu par la Soci\u00e9t\u00e9 canadienne de lutte contre le cancer (SCC), pour promouvoir de saines habitudes de vie. Chaque adulte accompagnateur suit une formation en s\u00e9curit\u00e9 routi\u00e8re, dispens\u00e9e par la SCC, et a subi une enqu\u00eate d&#8217;ant\u00e9c\u00e9dents judiciaires aupr\u00e8s de la CSDM.<\/p>\n<p><a href=\"http:\/\/plus.lapresse.ca\/screens\/f9acb95b-d89b-40c5-93a2-cda13652518c%7C_0.html\">Lisez un article de La Presse (septembre 2016).<\/a>Bien s\u00fbr, compte-tenu de la r\u00e9alit\u00e9 de notre \u00e9cole, il y a plusieurs sp\u00e9cificit\u00e9s !<\/p>\n<ul>\n<li>Plut\u00f4t que de marcher, les Trottibus FACE emprunteront les <strong>transports en commun<\/strong> : bus et m\u00e9tro. Le co\u00fbt du ticket ou de la passe STM est \u00e0 la charge des parents, mais il n&#8217;y a pas d&#8217;autres frais.<\/li>\n<li>Nous demandons, pour que le projet fonctionne,<strong> que chaque enfant inscrit &#8220;fournisse&#8221; un adulte accompagnateur<\/strong> (parent ou autre adulte de l&#8217;entourage de l&#8217;enfant).<\/li>\n<li>Il n&#8217;y a<strong> qu&#8217;un seul point de rencontre<\/strong> au d\u00e9but d&#8217;un trajet. Autrement dit, les trottineurs ne peuvent pas &#8220;monter \u00e0 bord&#8221; en cours de route.<\/li>\n<\/ul>\n<p>Vous pouvez contacter le <strong>comit\u00e9 Trottibus Face<\/strong> au <a href=\"mailto:trottibusface@gmail.com\">trottibusface@gmail.com.<\/a><\/p>\n<p>Chaque trajet est quant \u00e0 lui sous la responsabilit\u00e9 d&#8217;un <strong>coordonnateur de trajet<\/strong>, qui assigne les marcheurs et marcheurs-rempla\u00e7ants selon leurs disponibilit\u00e9s.Rendez-vous au <a href=\"http:\/\/www.trottibus.ca\">www.trottibus.ca<\/a>, et cherchez votre \u00e9cole : choisissez la r\u00e9gion Montr\u00e9al, puis la Commission scolaire de Montr\u00e9al (<strong>m\u00eame pour les \u00e9l\u00e8ves EMSB<\/strong>), et enfin l&#8217;\u00e9cole FACE.<\/p>\n<p>Rendus sur la page de profil Trottibus de FACE, choisissez votre trajet et renseignez tous les champs demand\u00e9s pour y inscrire votre enfant. <strong>N&#8217;oubliez pas de vous inscrire vous aussi<\/strong> <strong>en tant qu&#8217;accompagnateur<\/strong> (ou un autre adulte de l&#8217;entourage de votre enfant) : pour que le projet &#8220;marche&#8221; \ud83d\ude09 il faut que chacun y participe ! Vous devez vous engager \u00e0 marcher au moins <strong>1 matin par semaine<\/strong>.<\/p>\n<p>Le coordonnateur de chaque trajet vous contactera et sera responsable d&#8217;assigner les marcheurs et marcheurs rempla\u00e7ants pour chaque journ\u00e9e de la semaine.<\/p>\n<blockquote><p>Plus il y a d&#8217;accompagnateurs pour un trajet donn\u00e9, moins souvent chacun marchera : c&#8217;est de l&#8217;int\u00e9r\u00eat de tous que beaucoup de parents participent !<\/p><\/blockquote>\n<p>Avant de commencer, tous les marcheurs devront avoir suivi une courte <strong>formation en s\u00e9curit\u00e9 routi\u00e8re<\/strong> dispens\u00e9e par la SCC (en ligne, environ 30 minutes), ainsi que s&#8217;\u00eatre soumis \u00e0 une <strong>enqu\u00eate d&#8217;ant\u00e9c\u00e9dents judiciaires de la CSDM<\/strong>. Le coordonnateur de votre trajet vous contactera avec tous les d\u00e9tails.Sur la page profil de FACE au site <a href=\"http:\/\/www.trottibus.ca\">www.trottibus.ca<\/a>, vous verrez que vous pouvez inscrire votre enfant <strong>&#8220;en attente de trajet&#8221;<\/strong>. Lorsqu&#8217;il y aura plusieurs enfants d&#8217;un m\u00eame secteur, le comit\u00e9 Trottibus \u00e0 FACE vous contactera&#8230; mais vous pourriez \u00e9galement trouver des voisins autour de chez vous en utilisant la <a href=\"https:\/\/www.faceopp.com\/test\/cotransport\/\">plateforme de co-transport<\/a> ou en lan\u00e7ant un appel sur le <a href=\"http:\/\/www.facebook.com\/groups\/parentsface\/\">groupe des parents<\/a>.<strong><br \/>\n<\/strong><\/p>\n<p>Vous voudriez aider notre communaut\u00e9, vous impliquer en tant que parent d&#8217;\u00e9l\u00e8ves, rencontrer d&#8217;autres familles FACE voisines ? <strong>Pourquoi ne pas proposer un point de rendez-vous pour devenir coordonnateur de trajet ?<\/strong> Son r\u00f4le est de recueillir les inscriptions d&#8217;enfants et de marcheurs et de r\u00e9partir les marcheurs sur les jours de la semaine selon leurs disponibilit\u00e9s. Le comit\u00e9 Trottibus \u00e0 Face est bien s\u00fbr en soutien : lettres-type, listes pr\u00e9format\u00e9es, proc\u00e9dures \u00e9prouv\u00e9es, trucs et astuces pour bien commencer, etc.<\/p>\n<p>Pour toutes informations, \u00e9crivez au <a href=\"mailto:trottibusface@gmail.com\">trottibusface@gmail.com.<\/a><\/p>\n<p>Si vous souhaitez proposer un trajet, pr\u00e9cisez :<\/p>\n<ul>\n<li>le lieu de rendez-vous (exemple &#8220;int\u00e9rieur de la station de m\u00e9tro X&#8221;)<\/li>\n<li>l&#8217;heure pr\u00e9vue de d\u00e9part<\/li>\n<li>le moyen de transport choisi, avec transferts \u00e9ventuels<\/li>\n<li>l&#8217;heure estim\u00e9e d&#8217;arriv\u00e9e \u00e0 l&#8217;\u00e9cole<\/li>\n<\/ul>\n<p>(Vous pouvez prendre exemple sur les 3 trajets d\u00e9j\u00e0 disponibles sur l&#8217;interface FACE du <a href=\"http:\/\/www.trottibus.ca\">www.trottibus.ca<\/a>)<\/p>\n<p style=\"text-align: center;\"><a href=\"http:\/\/www.trottibus.ca\">www.trottibus.ca<\/a><\/p>\n<p style=\"text-align: center;\">Contact pour FACE :<br \/>\n<a href=\"mailto:trottibusface@gmail.com\">trottibusface@gmail.com<\/a><\/p>\n","protected":false},"excerpt":{"rendered":"<p>Comme son nom ludique le laisse entendre, c&#8217;est &#8220;un autobus scolaire qui marche&#8221;&#8230; \u00e0 FACE, il marche en m\u00e9tro ! Des adultes prennent en charge des enfants \u00e0 un point de rendez-vous pr\u00e9cis, et les am\u00e8nent jusqu&#8217;\u00e0 l&#8217;\u00e9cole. Le syst\u00e8me est \u00e9prouv\u00e9 depuis plusieurs ann\u00e9es d\u00e9j\u00e0, dans les \u00e9coles de quartier : il est soutenu [&hellip;]<\/p>\n","protected":false},"author":101018,"featured_media":0,"parent":5256,"menu_order":0,"comment_status":"closed","ping_status":"closed","template":"","meta":{"footnotes":""},"class_list":["post-6128","page","type-page","status-publish","hentry"],"_links":{"self":[{"href":"https:\/\/www.faceopp.com\/en\/wp-json\/wp\/v2\/pages\/6128","targetHints":{"allow":["GET"]}}],"collection":[{"href":"https:\/\/www.faceopp.com\/en\/wp-json\/wp\/v2\/pages"}],"about":[{"href":"https:\/\/www.faceopp.com\/en\/wp-json\/wp\/v2\/types\/page"}],"author":[{"embeddable":true,"href":"https:\/\/www.faceopp.com\/en\/wp-json\/wp\/v2\/users\/101018"}],"replies":[{"embeddable":true,"href":"https:\/\/www.faceopp.com\/en\/wp-json\/wp\/v2\/comments?post=6128"}],"version-history":[{"count":13,"href":"https:\/\/www.faceopp.com\/en\/wp-json\/wp\/v2\/pages\/6128\/revisions"}],"predecessor-version":[{"id":7697,"href":"https:\/\/www.faceopp.com\/en\/wp-json\/wp\/v2\/pages\/6128\/revisions\/7697"}],"up":[{"embeddable":true,"href":"https:\/\/www.faceopp.com\/en\/wp-json\/wp\/v2\/pages\/5256"}],"wp:attachment":[{"href":"https:\/\/www.faceopp.com\/en\/wp-json\/wp\/v2\/media?parent=6128"}],"curies":[{"name":"wp","href":"https:\/\/api.w.org\/{rel}","templated":true}]}}

Trottibus à FACE : projet pilote

<p>Comme son nom ludique le laisse entendre, c&#8217;est <strong>&#8220;un autobus scolaire qui marche&#8221;&#8230; à FACE, il marche en métro !</strong> Des adultes prennent en charge des enfants à un point de rendez-vous précis, et les amènent jusqu&#8217;à l&#8217;école. Le système est éprouvé depuis plusieurs années déjà, dans les écoles de quartier : il est soutenu par la Société canadienne de lutte contre le cancer (SCC), pour promouvoir de saines habitudes de vie. Chaque adulte accompagnateur suit une formation en sécurité routière, dispensée par la SCC, et a subi une enquête d&#8217;antécédents judiciaires auprès de la CSDM.</p>
<p><a href="http://plus.lapresse.ca/screens/f9acb95b-d89b-40c5-93a2-cda13652518c%7C_0.html">Lisez un article de La Presse (septembre 2016).</a>Bien sûr, compte-tenu de la réalité de notre école, il y a plusieurs spécificités !</p>
<ul>
<li>Plutôt que de marcher, les Trottibus FACE emprunteront les <strong>transports en commun</strong> : bus et métro. Le coût du ticket ou de la passe STM est à la charge des parents, mais il n&#8217;y a pas d&#8217;autres frais.</li>
<li>Nous demandons, pour que le projet fonctionne,<strong> que chaque enfant inscrit &#8220;fournisse&#8221; un adulte accompagnateur</strong> (parent ou autre adulte de l&#8217;entourage de l&#8217;enfant).</li>
<li>Il n&#8217;y a<strong> qu&#8217;un seul point de rencontre</strong> au début d&#8217;un trajet. Autrement dit, les trottineurs ne peuvent pas &#8220;monter à bord&#8221; en cours de route.</li>
</ul>
<p>Vous pouvez contacter le <strong>comité Trottibus Face</strong> au <a href="mailto:trottibusface@gmail.com">trottibusface@gmail.com.</a></p>
<p>Chaque trajet est quant à lui sous la responsabilité d&#8217;un <strong>coordonnateur de trajet</strong>, qui assigne les marcheurs et marcheurs-remplaçants selon leurs disponibilités.Rendez-vous au <a href="http://www.trottibus.ca">www.trottibus.ca</a>, et cherchez votre école : choisissez la région Montréal, puis la Commission scolaire de Montréal (<strong>même pour les élèves EMSB</strong>), et enfin l&#8217;école FACE.</p>
<p>Rendus sur la page de profil Trottibus de FACE, choisissez votre trajet et renseignez tous les champs demandés pour y inscrire votre enfant. <strong>N&#8217;oubliez pas de vous inscrire vous aussi</strong> <strong>en tant qu&#8217;accompagnateur</strong> (ou un autre adulte de l&#8217;entourage de votre enfant) : pour que le projet &#8220;marche&#8221; 😉 il faut que chacun y participe ! Vous devez vous engager à marcher au moins <strong>1 matin par semaine</strong>.</p>
<p>Le coordonnateur de chaque trajet vous contactera et sera responsable d&#8217;assigner les marcheurs et marcheurs remplaçants pour chaque journée de la semaine.</p>
<blockquote><p>Plus il y a d&#8217;accompagnateurs pour un trajet donné, moins souvent chacun marchera : c&#8217;est de l&#8217;intérêt de tous que beaucoup de parents participent !</p></blockquote>
<p>Avant de commencer, tous les marcheurs devront avoir suivi une courte <strong>formation en sécurité routière</strong> dispensée par la SCC (en ligne, environ 30 minutes), ainsi que s&#8217;être soumis à une <strong>enquête d&#8217;antécédents judiciaires de la CSDM</strong>. Le coordonnateur de votre trajet vous contactera avec tous les détails.Sur la page profil de FACE au site <a href="http://www.trottibus.ca">www.trottibus.ca</a>, vous verrez que vous pouvez inscrire votre enfant <strong>&#8220;en attente de trajet&#8221;</strong>. Lorsqu&#8217;il y aura plusieurs enfants d&#8217;un même secteur, le comité Trottibus à FACE vous contactera&#8230; mais vous pourriez également trouver des voisins autour de chez vous en utilisant la <a href="https://www.faceopp.com/test/cotransport/">plateforme de co-transport</a> ou en lançant un appel sur le <a href="http://www.facebook.com/groups/parentsface/">groupe des parents</a>.<strong><br />
</strong></p>
<p>Vous voudriez aider notre communauté, vous impliquer en tant que parent d&#8217;élèves, rencontrer d&#8217;autres familles FACE voisines ? <strong>Pourquoi ne pas proposer un point de rendez-vous pour devenir coordonnateur de trajet ?</strong> Son rôle est de recueillir les inscriptions d&#8217;enfants et de marcheurs et de répartir les marcheurs sur les jours de la semaine selon leurs disponibilités. Le comité Trottibus à Face est bien sûr en soutien : lettres-type, listes préformatées, procédures éprouvées, trucs et astuces pour bien commencer, etc.</p>
<p>Pour toutes informations, écrivez au <a href="mailto:trottibusface@gmail.com">trottibusface@gmail.com.</a></p>
<p>Si vous souhaitez proposer un trajet, précisez :</p>
<ul>
<li>le lieu de rendez-vous (exemple &#8220;intérieur de la station de métro X&#8221;)</li>
<li>l&#8217;heure prévue de départ</li>
<li>le moyen de transport choisi, avec transferts éventuels</li>
<li>l&#8217;heure estimée d&#8217;arrivée à l&#8217;école</li>
</ul>
<p>(Vous pouvez prendre exemple sur les 3 trajets déjà disponibles sur l&#8217;interface FACE du <a href="http://www.trottibus.ca">www.trottibus.ca</a>)</p>
<p style="text-align: center;"><a href="http://www.trottibus.ca">www.trottibus.ca</a></p>
<p style="text-align: center;">Contact pour FACE :<br />
<a href="mailto:trottibusface@gmail.com">trottibusface@gmail.com</a></p>

<p>Comme son nom ludique le laisse entendre, c&#8217;est &#8220;un autobus scolaire qui marche&#8221;&#8230; à FACE, il marche en métro ! Des adultes prennent en charge des enfants à un point de rendez-vous précis, et les amènent jusqu&#8217;à l&#8217;école. Le système est éprouvé depuis plusieurs années déjà, dans les écoles de quartier : il est soutenu [&hellip;]</p>
